9).
-16
Let g(z) = 72*z - 147. What is g(2)?
-3
Let z(i) = -296*i + 5919. What is z(20)?
-1
Let x(c) = 9*c**3 + 6*c**2 - c - 5. Calculate x(1).
9
Let g(j) = -j**3 - 2*j**2 + 2*j - 45. Give g(0).
-45
Let a(q) = q**3 - 40*q**2 - 272*q + 22. What is a(-6)?
-2
Let s(r) = -3*r + 6. Determine s(47).
-135
Let u(m) = m**2 - 24*m - 582. Give u(-14).
-50
Let w(b) = -31*b**2 + 305*b - 235. What is w(9)?
-1
Let d(a) = -2*a**2 - 17*a + 663. Determine d(18).
-291
Let l(x) = 63*x + 1223. Calculate l(-29).
-604
Let x(q) = 4*q**3 - 201*q**2 - 165*q + 615. Give x(51).
3
Let c(h) = 799*h + 9. Give c(0).
9
Let a(q) = -2*q**2 + 447*q - 889. Give a(2).
-3
Let w(r) = 305*r - 5490. Calculate w(18).
0
Let i(g) = 74*g + 1821. What is i(-29)?
-325
Let f(d) = -2*d**3 + 12*d**2 - 3*d. Calculate f(6).
-18
Let o(k) = -k**3 - 6*k**2 + 12*k - 127. Calculate o(-9).
8
Let a(p) = -p**3 + 21*p**2 - 103*p + 179. Give a(4).
39
Let q(v) = 9*v**2 - 486*v - 77. What is q(54)?
-77
Let b(n) = -n**3 - 9*n**2 + n - 34. Calculate b(-10).
56
Let g(i) = 2*i**3 - 28*i**2 - 35*i - 2. Give g(15).
-77
Let b(g) = -g**3 - 23*g**2 - 91*g - 302. What is b(-19)?
-17
Let b(i) = 570*i - 5159. Give b(9).
-29
Let g(y) = 7*y**2 + 22*y - 13. Calculate g(-4).
11
Let g(u) = -u**3 + 5*u**2 + 64*u + 24. Determine g(11).
2
Let u(k) = -10*k + 22. Calculate u(-7).
92
Let m(o) = 187*o - 1321. What is m(7)?
-12
Let i(y) = -990*y + 11. What is i(0)?
11
Let h(c) = c**3 - 273*c**2 + 1861*c + 261. Give h(266).
-5
Let s(o) = 80*o - 306. Give s(4).
14
Let k(r) = r**3 - 4*r**2 - 46*r - 133. Determine k(10).
7
Let h(w) = 2*w**3 + 22*w**2 - 24*w - 63. What is h(-12)?
-63
Let b(c) = -2*c**3 + 24*c**2 - 82*c - 6. Calculate b(4).
-78
Let h(y) = -3*y**2 - 51*y - 191. Give h(-11).
7
Let x(d) = -d**2 - 102*d - 2575. Determine x(-56).
1
Let g(h) = 21*h + 403. What is g(-18)?
25
Let t(i) = 2*i**3 - 136*i**2 - 424*i - 76. What is t(71)?
66
Let m(s) = -10*s - 1035. What is m(-104)?
5
Let g(f) = f**2 + 36*f + 356. Give g(-16).
36
Let l(c) = -c - 58. Calculate l(-32).
-26
Let x(k) = -268*k - 1871. Give x(-7).
5
Let x(w) = w**2 - 57*w - 1325. Determine x(-18).
25
Let f(t) = -65*t - 18. Determine f(2).
-148
Let h(v) = 4*v**2 - 17*v - 425. Give h(-9).
52
Let z(a) = -5*a**3 - 322*a**2 + 196*a + 61. Calculate z(-65).
-4
Let a(r) = -4*r**3 + 99*r**2 + 41*r - 354. Calculate a(25).
46
Let y(n) = n**2 + 132*n + 4276. Calculate y(-75).
1
Let w(k) = -2*k**2 - 32*k - 1. Give w(-10).
119
Let l(f) = 2106*f + 25279. What is l(-12)?
7
Let j(i) = i**2 - 25*i - 168. Determine j(28).
-84
Let h(j) = 15*j + 228. Determine h(-19).
-57
Let f(l) = l**2 + 28*l - 201. Determine f(-37).
132
Let l(r) = 4*r - 139. What is l(-11)?
-183
Let a(i) = -35*i - 1261. Calculate a(-58).
769
Let d(s) = -104*s + 152. Determine d(2).
-56
Let b(t) = 135*t + 3364. Calculate b(-25).
-11
Let z(c) = c**3 - c**2 - c + 11. What is z(-5)?
-134
Let b(p) = -p**3 + 25*p**2 - 108*p + 151. What is b(20)?
-9
Let m(t) = t**2 - 2102*t - 12. Give m(0).
-12
Let s(h) = h**3 - 2*h**2 + 10*h + 17. Determine s(5).
142
Let d(t) = 302*t + 2174. Give d(-8).
-242
Let s(c) = 6*c**2 - 566*c + 168. Determine s(94).
-20
Let a(r) = r**3 - 28*r**2 - 107*r + 225. Calculate a(31).
-209
Let t(k) = 6*k**2 + 446*k + 255. Give t(-74).
107
Let i(b) = -2*b**3 + 15*b**2 + 673*b - 27. Determine i(-15).
3
Let g(n) = 2144*n + 21441. Determine g(-10).
1
Let u(f) = -2*f**2 - 105*f - 153. What is u(-51)?
0
Let s(k) = 7*k + 45. Give s(9).
108
Let v(s) = s**2 + 272*s - 1341. What is v(5)?
44
Let q(u) = 9*u - 188. What is q(33)?
109
Let d(l) = 7*l - 597. Calculate d(87).
12
Let t(b) = -b**3 + 12*b**2 - 11*b + 69. What is t(12)?
-63
Let w(d) = 5*d - 25. Determine w(8).
15
Let p(k) = k**3 + 9*k**2 - 17*k + 66. Determine p(-12).
-162
Let r(a) = 15*a**2 - 106*a + 25. Determine r(6).
-71
Let w(x) = 168*x - 1339. What is w(8)?
5
Let d(x) = -87*x - 1826. Calculate d(-21).
1
Let h(k) = 5825*k - 64095. Give h(11).
-20
Let z(y) = 391*y + 36. What is z(1)?
427
Let n(a) = -1521*a + 22817. Calculate n(15).
2
Let h(x) = x**3 + 18*x**2 + 28*x - 123. Give h(-16).
-59
Let j(i) = 12*i - 412. What is j(39)?
56
Let f(o) = -12*o**2 - o + 2. What is f(-2)?
-44
Let t(i) = 1238*i + 6181. Determine t(-5).
-9
Let t(y) = -y**3 + 2*y**2 + 20*y - 31. Calculate t(-4).
-15
Let t(w) = -874*w + 8737. Determine t(10).
-3
Let f(i) = -i**2 - 2*i + 206. Determine f(-16).
-18
Let d(w) = -282*w - 8800. Give d(-31).
-58
Let j(d) = -2*d**3 - 9*d**2 + 10*d + 14. What is j(-5)?
-11
Let i(x) = -230*x - 180. What is i(-1)?
50
Let q(l) = -l**2 - 517*l - 65907. Calculate q(-228).
-15
Let l(p) = p**3 + p**2 - 10*p + 2. What is l(0)?
2
Let r(d) = d**3 - 12*d**2 - 6*d - 6. Calculate r(11).
-193
Let d(w) = -2*w**2 + 90*w + 967. Give d(56).
-265
Let r(m) = -13*m**2 - 214*m + 1. What is r(-17)?
-118
Let u(d) = d**2 - 88*d + 1440. Give u(22).
-12
Let w(h) = -436*h - 6082. Give w(-14).
22
Let l(y) = -3*y**3 + 43*y**2 - 4*y + 4. What is l(14)?
144
Let b(v) = 90*v - 576. Give b(8).
144
Let i(v) = 111*v + 1120. What is i(-10)?
10
Let g(t) = -23*t + 123. Give g(7).
-38
Let q(t) = t**3 - 4*t**2 - 42*t - 12. Calculate q(9).
15
Let f(g) = -48*g**2 - 243*g - 17. What is f(-5)?
-2
Let q(f) = f**2 - 31*f + 103. Give q(3).
19
Let k(r) = r**3 + 52*r - 51. Determine k(1).
2
Let g(x) = 24894*x - 323621. Determine g(13).
1
Let t(o) = -48*o**2 - 408*o + 26. Calculate t(-9).
-190
Let o(i) = -i**3 + i**2 + 28*i - 5. Calculate o(0).
-5
Let w(d) = -20*d**2 + 2761*d + 13. Give w(138).
151
Let j(u) = -238*u - 4760. What is j(-20)?
0
Let h(s) = 53*s - 3. Give h(7).
368
Let x(r) = 77*r - 3746. What is x(48)?
-50
Let v(c) = 2*c**3 - 84*c**2 + 82*c + 91. Calculate v(41).
91
Let v(i) = -2*i**2 - 3*i + 285. What is v(11)?
10
Let j(s) = -4*s**3 - s**2 + 3*s + 6. Calculate j(-4).
234
Let m(g) = -2*g**3 + 13*g**2 - 11*g + 21. Give m(5).
41
Let p(f) = 39*f - 121. Determine p(3).
-4
Let z(k) = 2*k**2 + 19*k + 7. What is z(-4)?
-37
Let o(n) = -n**3 - n**2 - 23*n - 18. Determine o(0).
-18
Let w(p) = 15*p + 117. Calculate w(-9).
-18
Let m(o) = 3*o**2 + 51*o - 205. Determine m(-19).
-91
Let s(u) = 2*u**3 + 140*u**2 + 267*u + 120. Give s(-68).
460
Let v(u) = 21*u + 421. What is v(-23)?
-62
Let y(r) = 38*r + 74. Calculate y(-2).
-2
Let p(v) = v**3 - 49*v**2 + 216*v + 6. What is p(44)?
-170
Let u(h) = 14854*h - 59416. What is u(4)?
0
Let r(g) = 2*g**3 - 11*g**2 + 10*g + 7. What is r(5)?
32
Let b(m) = 3*m**2 - 92*m + 154. Give b(29).
9
Let z(s) = 31*s + 2898. What is z(-92)?
46
Let n(x) = 22*x + 17. Determine n(-1).
-5
Let a(g) = 677*g + 581. What is a(-1)?
-96
Let f(b) = -b**2 - 30*b - 115. Determine f(-6).
29
Let a(z) = 303*z - 603. Calculate a(2).
3
Let r(v) = 25*v + 211. Determine r(-23).
-364
Let v(t) = t**2 + 3*t - 115. What is v(-12)?
-7
Let a(n) = n**2 + 249*n + 1672. What is a(-7)?
-22
Let l(g) = g**3 + 2*g**2 + 7*g + 2. What is l(5)?
212
Let t(x) = -150*x**2 - 25*x - 56. What is t(-2)?
-606
Let u(w) = 68*w - 512. Determine u(8).
32
Let v(q) = -8*q**2 - 193*q - 22. Determine v(-24).
2
Let f(p) = -9*p**3 + 37*p**2 - 8*p + 13. Determine f(4).
-3
Let d(p) = -7*p + 355. What is d(57)?
-44
Let i(u) = 29*u**2 - 755*u + 28. Give i(26).
2
Let s(p) = 8*p**3 - 3*p**2 - 4*p - 13. Calculate s(4).
435
Let v(z) = 25*z + 627. Determine v(-25).
2
Let z(d) = 325*d**2 - 1948*d - 19. What is z(6)?
-7
Let b(u) = u**2 + 46*u + 123. Determine b(-43).
-6
Let o(r) = -66*r - 452. What is o(-7)?
10
Let z(p) = -212*p + 3625. Give z(17).
21
Let p(w) = w**3 + 11*w**2 - 4*w - 169. Give p(-9).
29
Let k(z) = -z**3 - 155*z**2 - 6*z - 938. Give k(-155).
-8
Let g(k) = -174*k - 21912. Calculate g(-126).
12
Let j(r) = 136*r + 6591. Give j(-48).
63
Let m(d) = 39*d + 1038. What is m(-27)?
-15
Let b(w) = -3457*w - 6876. Calculate b(-2).
38
Let g(y) = 5*y**2 + 18*y + 12. Calculate g(-3).
3
Let o(h) = -784*h + 10190. Calculate o(13).
-2
Let r(q) = -584*q - 5220. Determine r(-9).
36
Let u(l) = 2*l**2 + l - 11. Give u(2).
-1
Let k(h) = 88*h + 316. Determine k(-5).
-124
Let c(w) = w**2 + 74*w - 1668. Calculate c(18).
-12
Let a(b) = b**3 + 3*b**2 - 54*b - 20. Determine a(6).
-20
Let u(p) = -p**2 + 192*p - 2325. What is u(179)?
2
Let r(y) = -3*y**3 + 214*y**2 - 72*y + 120. What is r(71)?
49
Let m(p) = p**3 + 13*p**2 + 16*p + 33. What is m(-12)?
-15
Let